*a - 1533. Determine j(-69).
123
Let m(a) = a**2 - 267*a + 7809. Determine m(233).
-113
Let y(l) = 8*l**2 + 29*l - 177. Determine y(-5).
-122
Let s(o) = o**2 + 7072*o + 1593491. What is s(-233)?
4
Let z(s) = -143613*s + 2441413. Determine z(17).
-8
Let a(l) = 4*l**3 + 482*l**2 + 18*l + 3. What is a(0)?
3
Let s(f) = 488*f**3 + 2933*f**2 - 11*f - 236. Calculate s(-6).
10
Let f(i) = 1187*i + 1313. Determine f(-3).
-2248
Let l(p) = -245*p - 28006. Calculate l(-93).
-5221
Let z(j) = 5*j**2 + 548*j + 2936. Determine z(-102).
-940
Let j(l) = -l**2 - 72*l + 633. Give j(8).
-7
Let s(d) = d**3 - 37*d**2 + 102*d + 324. Give s(34).
324
Let u(b) = 139*b - 304. Give u(4).
252
Let b(c) = -7*c**3 + 267*c**2 - 42*c + 889. Determine b(38).
737
Let y(q) = -1059*q - 143037. What is y(-134)?
-1131
Let o(p) = 566*p**2 - 3956*p - 53. Determine o(7).
-11
Let m(i) = 30*i**2 - 1787*i + 1001. What is m(59)?
-2
Let p(d) = 33*d + 4106. Calculate p(10).
4436
Let a(k) = k**3 + 74*k**2 - 93*k - 1606. Calculate a(-75).
-256
Let g(y) = -y**3 - 77*y**2 + 12801*y + 1026. Determine g(-158).
552
Let m(f) = 574*f - 6243. What is m(12)?
645
Let s(c) = 22*c**2 + 36*c + 123. Determine s(-7).
949
Let c(t) = -6404*t - 19128. Calculate c(-3).
84
Let z(p) = -p**3 - 298*p**2 - 671*p - 111089. Determine z(-297).
-11
Let h(r) = 158*r - 2140. What is h(12)?
-244
Let n(j) = 3*j**3 + 544*j**2 - 917*j - 431. Give n(-183).
-65
Let s(d) = 49*d - 627. Determine s(16).
157
Let j(v) = v**3 - 66*v**2 + 794*v + 32. Calculate j(16).
-64
Let k(b) = b**3 - 202*b**2 - 244*b + 8250. Determine k(203).
-73
Let n(m) = m**2 + 188*m - 16142. Give n(-252).
-14
Let g(z) = 4*z - 1716. What is g(-101)?
-2120
Let p(x) = 1099*x - 40871. Determine p(37).
-208
Let c(a) = 5*a**2 + 168*a - 131796. Give c(-180).
-36
Let n(x) = x**3 - 426*x**2 - 3028*x - 1356. Calculate n(433).
-57
Let l(k) = 31*k**2 + 1566*k - 12243. Calculate l(7).
238
Let s(b) = 50*b**2 - 742*b + 134. What is s(0)?
134
Let j(b) = 67*b**3 + 329*b**2 - 391*b - 1804. Calculate j(-5).
1
Let l(r) = -26*r**3 - r**2 + 4*r - 6. Calculate l(-2).
190
Let f(x) = 3738*x + 48555. Determine f(-13).
-39
Let b(n) = -n**2 - 211*n + 101409. What is b(-441)?
-21
Let x(c) = -6*c**2 + 749*c - 23028. Calculate x(70).
2
Let l(a) = 2*a**3 - 28*a**2 - 55*a + 982. What is l(11)?
-349
Let c(j) = j**3 - 77*j**2 - 165*j + 6892. Calculate c(78).
106
Let g(i) = i**3 + 35*i**2 + 695*i + 5465. Determine g(-13).
148
Let c(s) = 3*s**3 - 38*s**2 + 96*s + 17. What is c(3)?
44
Let n(j) = j**3 + 3*j**2 - 66*j - 227. Calculate n(-5).
53
Let n(j) = -3376*j + 675032. Determine n(200).
-168
Let y(v) = v**2 + 100*v + 2515. What is y(-52)?
19
Let m(f) = 2450*f**2 - 51455*f + 91. Determine m(21).
-14
Let n(m) = 3431*m**2 - 44603*m - 10. Determine n(13).
-10
Let g(n) = -314*n**3 + 15390*n**2 - 192*n - 172. What is g(49)?
24
Let p(s) = 891*s + 407192. Give p(-457).
5
Let p(x) = 17*x**2 - 537*x + 807. Determine p(30).
-3
Let p(z) = 254*z - 7118. Calculate p(28).
-6
Let j(d) = 715*d + 64345. Give j(-90).
-5
Let n(x) = -x**3 - 18*x**2 + 598*x - 62. Determine n(17).
-11
Let p(k) = -k**3 + 127*k**2 + 657*k + 360. Calculate p(132).
-36
Let f(p) = -116*p**2 - 16330*p + 3660. Determine f(-141).
-6
Let o(k) = -2579*k - 6787. Determine o(-3).
950
Let j(u) = 17*u**2 - 1418*u + 4594. What is j(80)?
-46
Let i(p) = -87*p + 755. Give i(8).
59
Let g(v) = -37*v + 5568. Determine g(136).
536
Let w(m) = 2*m**2 - 276*m + 4672. Determine w(118).
-48
Let p(g) = 2*g**3 + 19*g**2 - 193*g - 1543. Calculate p(-8).
193
Let t(x) = -x**2 + 243*x - 14337. What is t(138)?
153
Let p(n) = -18552*n - 575091. Calculate p(-31).
21
Let s(n) = 1478*n - 45602. Determine s(31).
216
Let x(r) = 903*r**2 + 36122*r + 60. Calculate x(-40).
-20
Let h(p) = 2*p**3 - 21*p**2 + 51*p - 908. Determine h(13).
600
Let x(n) = 29*n - 2871. Give x(-4).
-2987
Let m(w) = w**3 - 7*w**2 + 80*w + 7. Determine m(6).
451
Let l(x) = 4*x**3 + 61*x**2 + 676*x + 9910. Determine l(-15).
-5
Let g(q) = -2*q**3 - 97*q**2 - 564*q + 23. What is g(-6)?
347
Let a(x) = 84*x**2 + 3484*x - 1830. Determine a(-42).
18
Let l(f) = f**3 + 97*f**2 + 1802*f - 293. Give l(-25).
-343
Let f(n) = -n**3 - 289*n**2 + 1843*n - 1860. What is f(5)?
5
Let c(i) = -10*i**3 + 256*i**2 + 489*i - 15964. Give c(25).
11
Let z(l) = 75*l**2 - 1942*l - 3881. Give z(-2).
303
Let i(x) = 8423*x - 31908. Determine i(4).
1784
Let a(c) = 4*c**2 + 678*c - 24392. Determine a(-200).
8
Let m(g) = -128*g + 9840. Determine m(78).
-144
Let m(r) = -r**2 + 655. Calculate m(-47).
-1554
Let f(y) = y**3 - 166*y**2 - 13286*y - 668. What is f(-59)?
-19
Let n(z) = z**3 + 343*z**2 + 568*z + 77279. What is n(-342)?
-13
Let i(m) = 2*m**3 - 56*m**2 - 310*m + 8663. Calculate i(28).
-17
Let q(v) = 98*v + 96. Give q(-1).
-2
Let s(j) = 27*j**2 - 7579*j - 9877. Determine s(282).
-7
Let h(d) = -85*d - 367. Calculate h(-4).
-27
Let f(p) = -p**2 + 202*p - 2064. Determine f(12).
216
Let d(m) = 44*m**2 - 62*m - 118. Determine d(-6).
1838
Let x(l) = -9*l**3 - 295*l**2 + 32*l + 55. Determine x(-33).
1177
Let w(n) = 314*n**2 + 8186*n + 572. Calculate w(-26).
0
Let k(m) = 10*m**2 + 41*m - 29. Determine k(0).
-29
Let w(p) = 2*p**3 + 28*p**2 - 122*p - 1308. Determine w(-15).
72
Let v(t) = -113*t**3 + 310*t**2 - t + 6. What is v(3)?
-258
Let o(s) = -2*s**3 + 58*s**2 - 406*s - 164. Give o(20).
-1084
Let x(h) = h**3 - 157*h**2 - 244*h - 37781. Determine x(160).
-21
Let f(y) = 3*y**2 - 19*y - 8226. Give f(-68).
6938
Let z(s) = -117474*s - 3876645. Calculate z(-33).
-3
Let l(g) = 3*g**2 + 291*g + 4037. Give l(-14).
551
Let c(z) = 12*z**2 - 320*z + 76. Determine c(29).
888
Let o(n) = n**3 + 148*n**2 - 2516*n - 40173. What is o(-162)?
3
Let l(t) = -2*t**3 + 175*t**2 + 830*t - 243. What is l(92)?
-59
Let c(j) = j**2 - 261*j + 2349. Determine c(10).
-161
Let c(b) = 2*b**2 + 170*b + 2402. What is c(-63)?
-370
Let v(y) = -563*y**3 + 21*y - 22. Calculate v(1).
-564
Let s(p) = -p**3 + 279*p**2 + 306*p - 7100. Determine s(280).
180
Let h(a) = -6034*a + 42225. Determine h(7).
-13
Let b(t) = 13*t**3 + 244*t**2 + 351*t + 3074. Calculate b(-18).
-4
Let b(f) = 38*f**3 - 382*f**2 + 540*f - 5187. Calculate b(10).
13
Let h(f) = -28671*f - 200702. Calculate h(-7).
-5
Let q(t) = 2*t**3 + 27*t**2 - 13*t - 348. Calculate q(-4).
8
Let t(j) = 10*j**2 - j - 8644. Calculate t(-29).
-205
Let t(p) = -67*p - 94. What is t(11)?
-831
Let m(y) = 1683*y - 56835. What is m(34)?
387
Let w(r) = 64*r + 2140. Determine w(-32).
92
Let y(h) = 2*h**2 - 36*h - 227. Calculate y(-9).
259
Let y(d) = -d**2 + 8211*d + 65703. Give y(-8).
-49
Let s(k) = -21*k**2 + 288*k + 158. Calculate s(14).
74
Let l(t) = -1888*t + 640033. Calculate l(339).
1
Let u(d) = -d**3 + 59*d**2 - 378*d + 26140. Calculate u(60).
-140
Let c(z) = -1095*z - 339449. What is c(-310)?
1
Let w(d) = 15*d**2 - 2910*d + 34. Give w(0).
34
Let t(a) = -61*a**2 + 26675*a - 7852. Give t(437).
14
Let k(r) = r**2 - 3*r - 13. Give k(8).
27
Let s(i) = -403*i**2 - 336*i - 686. What is s(-2)?
-1626
Let g(j) = -268*j + 7060. Give g(37).
-2856
Let i(z) = z**3 - 66*z**2 + 664*z + 1324. What is i(53)?
-1
Let b(m) = -2*m**3 + 43*m**2 + 93*m - 947. Determine b(22).
615
Let j(v) = -16*v**2 - 8030*v - 47604. What is j(-6)?
0
Let z(j) = 29*j - 2158. Calculate z(115).
1177
Let m(k) = -2*k**2 - 156*k + 127. Calculate m(-70).
1247
Let g(y) = -3*y**3 + 2*y**2 - 715*y + 4224. Determine g(6).
-642
Let j(m) = 131*m**2 + 18866*m + 278. Give j(-144).
-10
Let q(g) = 2*g**3 - 47*g**2 + 106*g + 318. Give q(20).
-362
Let j(k) = -3*k**3 - 26*k**2 - 2371*k - 24112. Calculate j(-10).
-2
Let y(m) = -2066*m - 20324. Calculate y(-10).
336
Let o(a) = a**3 - a**2 - 294*a + 156. Give o(-17).
-48
Let a(n) = 1971*n - 201206. Give a(102).
-164
Let a(f) = 16*f**2 - 37*f - 106. Determine a(10).
1124
Let x(w) = 4*w**3 - 44*w**2 + 105*w + 46. What is x(7)?
-3
Let n(h) = h**3 + 126*h**2 + 2527*h - 3. Calculate n(-101).
-205
Let n(k) = k**3 - 35*k**2 - 59*k + 6749. Calculate n(29).
-8
Let h(n) = 1597*n + 43105. Give h(-27).
-14
Let t(x) = -42*x**2 + 4*x + 29. What is t(4)?
-627
Let r(g) = -19*g**3 - 105*g**2 - 27*g - 178. Determine r(-7).
1383
Let m(o) = 1785*o + 39142. Give m(-21).
1657
Let l(t) = -2982*t - 140066. What is l(-47)?
88
Let x(t) = -t**3 + 25*t**2 - 66*t - 91. De